 by 4.
2
Let q be (-2 + -9)/(4/4). Let r(m) = -m**2 + 81*m - 24. Let y(d) = -16*d + 5. Let z(f) = -2*r(f) - 11*y(f). What is the remainder when z(q) is divided by 21?
18
Let v(b) = -6*b + 1. Let g be v(-4). Let m = g - 24. Calculate the remainder when 54 + 4 - (-2)/m is divided by 16.
12
Let p(l) = 1 + 0*l + 5*l - 37*l + 4. Let o be p(-8). Let q = o + -174. Calculate the remainder when q is divided by 22.
21
Suppose 4*z + 10 - 23 = -3*b, -55 = -5*z + 4*b. Suppose 3*c - 2*u + 60 + 11 = 0, 3*u = -2*c - 69. Let d = -7 - c. What is the remainder when d is divided by z?
6
Suppose -1743 = -44*h - 39*h. Suppose 6 = 2*s - 2*n, 4*n = -5*s + 35 + 7. What is the remainder when h is divided by s?
3
Let m = 152 - 101. What is the remainder when m is divided by (1260/(-49))/(-12)*7?
6
Let o be -1 - (0 + 3*6/(-9)). Suppose -7*x + 136 = -3*x. Calculate the remainder when x is divided by (o - -23)/(-8) + (1 - -9).
6
Let h(j) = 119*j - 42. What is the remainder when h(1) is divided by 9?
5
Let s be 169/9 + 16/72. Suppose -2 = -3*t + s. Calculate the remainder when 9 is divided by t.
2
Let l(y) = y + 12. Let o be l(-6). Suppose 4*u - 16 - o = -3*s, 3*u - 14 = -s. Let z(p) = 2*p**2 - 6*p - 9. Calculate the remainder when z(-2) is divided by u.
3
Calculate the remainder when (175 - 60) + 2*(-6)/(-4) is divided by 42.
34
Let b(x) = 7*x**2 + 6*x. Calculate the remainder when 115 is divided by b(-3).
25
Let r = 2842 - 2813. What is the remainder when 577 is divided by r?
26
Let m(p) = -3 + p + 5 - 2. Let y be m(-12). Let c = -2 - y. Calculate the remainder when c is divided by 3.
1
Let s = -16701 + 16706. Let f = 11 + 36. What is the remainder when f is divided by s?
2
Suppose 6*a - 16 = 8, 4*b - 5*a = 0. What is the remainder when 62 is divided by b?
2
Let h = -64 + 68. What is the remainder when 17 is divided by h?
1
Let j(v) = v**2 + 7*v. Let q be j(-10). Calculate the remainder when 38 is divided by q/(2/8*-2*-3).
18
Let t = -13 + 16. Suppose -2*b - t*j + 34 + 196 = 0, 5*b - 3*j = 533. Suppose 29 = -4*z + b. What is the remainder when z is divided by 7?
6
Suppose 10*j - 2 - 18 = 0. What is the remainder when 138 is divided by -2*2/4 - (-23 + j)?
18
Let l = 29 - 26. Calculate the remainder when 29 is divided by (32/l)/((-2)/(-3)).
13
Let t(r) = -4*r - 13. Let f be t(-7). Let n = -19 + f. What is the remainder when ((-102)/(n/(-4)))/(-1) is divided by 26?
24
Let c(j) = 7*j + 4. Let r be c(2). Let q = r - 16. What is the remainder when (-1)/(q/(-72)) + 2 is divided by 13?
12
Suppose 0 = -3*r + 5*s + 323, -s + 2*s = -r + 121. What is the remainder when r is divided by 9?
8
Suppose 3*p - 188 = 79. Let h = p + -77. What is the remainder when h is divided by 3?
0
Suppose -3*s + 5*d - 4*d + 167 = 0, s + 2*d = 65. Suppose -n - s = -4*n. Let u = 107 + -52. What is the remainder when u is divided by n?
17
Suppose -9*v - 112 = 41. Let k = 54 + v. Calculate the remainder when k is divided by 10.
7
Let y(o) = o**2 - 38*o + 225. What is the remainder when 80 is divided by y(32)?
14
Let v(t) be the third derivative of t**5/15 + t**4/24 + t**3/6 - t**2. What is the remainder when 71 is divided by v(-2)?
11
Suppose 0 = -5*u - 5*d + 1015, -2*d + 685 = 5*u - 345. What is the remainder when u is divided by 14?
12
Suppose -4 = -d + 4*y - 5, 0 = -d + y + 5. Let z = 1 + d. What is the remainder when (-12)/z - 99/(-2) is divided by 17?
14
Let q = 23 + -38. Let z = q + 20. Suppose -z + 37 = 2*s. Calculate the remainder when s is divided by 9.
7
Let m = -43 - -38. Let x(n) = n + 13. What is the remainder when 28 is divided by x(m)?
4
Suppose 128 + 55 = 3*m. Let u(t) = 10*t - 2. Let y be u(4). Suppose 5*w - 100 = -5*a, -w - y = -3*w - 4*a. Calculate the remainder when m is divided by w.
19
Let f = -27 - -61. Suppose -f - 86 = -4*k. What is the remainder when k is divided by 11?
8
Let a = 95 + -36. Let v(m) = -m**2 + 50*m - 132. Calculate the remainder when a is divided by v(47).
5
Suppose 24 - 176 = -4*v. What is the remainder when 147 is divided by v?
33
Let f be (0 + (-2)/4)*0. Suppose -5*y + 0*y + 65 = f. Suppose -2*w - 5*p + y = -3, 0 = -3*w + 5*p + 74. What is the remainder when 70 is divided by w?
16
Let c = -52 + 90. What is the remainder when c is divided by 11?
5
Suppose 622 = 4*u - l, -3*l - 8 = -2. What is the remainder when u is divided by -2 + (39/(-33) - -3) + (-4310)/(-110)?
38
Let v = -10 + 14. Let r(y) = -y + 42. Let n be r(-14). Suppose n = 14*l - 6*l. What is the remainder when l is divided by v?
3
Let q = -2 + 2. Suppose 0 = -5*i - q*s - s + 23, 2*s - 2 = i. Suppose i*a + 2*a - 84 = 0. What is the remainder when 40 is divided by a?
12
What is the remainder when ((-172)/10)/((-24)/360) is divided by 7?
6
Let s(b) = -5*b + 8. Let g = -695 + 723. Calculate the remainder when s(-9) is divided by g.
25
Let t(x) = 4*x**2 - 2*x - 4. Calculate the remainder when t(4) is divided by 13 - (-5 + -2 + 11 - 5).
10
Let v(d) = -7*d**2 - 36*d - 10. Let f(x) be the first derivative of -x**4/4 + x**3/3 - 3*x**2 - 2*x - 2. What is the remainder when f(-4) is divided by v(-3)?
32
Let b(o) = -4 - 5*o - 23 - 8. Calculate the remainder when b(-17) is divided by 9.
5
Let x = -14 + 4. Let z(r) = r**2 + 11*r + 10. Let f be z(x). Suppose 90 = 2*y - f*y. What is the remainder when y is divided by 12?
9
Let k(q) = 2*q**2 - 9*q - 9. Suppose 5*j - 5*g - 95 = 0, -2*j + 63 = -0*j + 3*g. Calculate the remainder when k(-6) is divided by j.
21
Suppose -12*h = -27*h + 4005. What is the remainder when h is divided by 69?
60
Let f = 119 + -114. Suppose f*d = 3*j - 38, -5*j + 2*j + 32 = d. Let y(k) = -k - 3. What is the remainder when j is divided by y(-6)?
2
Let f = 139 + -75. Suppose 19*j + 2*p = 14*j + 78, -5*j = 3*p - 82. Calculate the remainder when f is divided by j.
8
Suppose 4*l + 51 = z - 291, -2*l + 1732 = 5*z. Calculate the remainder when z is divided by 25.
21
Let w(n) = -3*n + 20. Let b be w(5). Suppose -3*v = -5*h + 15, 2 = b*h + 2*v - 38. Let d = 53 - 30. What is the remainder when d is divided by h?
5
Suppose 0 = -4*u - 10 - 2. Calculate the remainder when (-16)/u + 2/(-6) is divided by 1.
0
Let p = -316 + 328. Calculate the remainder when p is divided by 4.
0
Let w(l) = l**2 + l - 2. Let h be w(-3). Suppose -29 - 25 = -3*c. Calculate the remainder when c is divided by h/(-14) + (-216)/(-21).
8
Let y be (-1)/6 + 373/6. Suppose 9*w - 181 = y. What is the remainder when 103 is divided by w?
22
Let v(b) = -b**2 + 18*b - 68. What is the remainder when 56 is divided by v(6)?
0
Let z(g) = -7*g - 5 + 1 - 5*g**2 + 3*g**3 - 2 - 4*g**3. What is the remainder when 28 is divided by z(-4)?
4
Suppose -204 = -5*k + h, -5*k - h - 78 = -284. What is the remainder when 152 is divided by k?
29
Suppose 4*p = -3*a + 421, 0 = -p - 2*a + a + 106. Calculate the remainder when p is divided by (260/(-270) - -1)*-3 + 489/27.
13
Let p = -155 + 219. Suppose 5*k = -5*q - p + 669, -3*q - 387 = -3*k. What is the remainder when k is divided by 18?
17
Suppose -a - 3*a + 36 = 0. Calculate the remainder when ((-12)/a)/(6/(-63)) is divided by 4.
2
Suppose -2*n - 397 + 98 = -3*u, -4*n + 392 = 4*u. What is the remainder when u is divided by 43?
13
Suppose n = 5*z - 84, -6*z + 40 + 32 = 2*n. Suppose 0*y = 3*v + 3*y - 261, 180 = 2*v - y. What is the remainder when v is divided by z?
14
Suppose 3*q + 1111 - 1186 = 0. Calculate the remainder when 49 is divided by q.
24
Let a(o) = 2*o + 5. Calculate the remainder when 211 is divided by a(24).
52
Suppose 0 = -o - 4*o + 4*z + 394, 73 = o + 5*z. Let b(g) = -8*g + 131. What is the remainder when o is divided by b(13)?
24
Let p(h) = -7*h**2 - 178*h + 29. Suppose -3*f - 5*r + 43 = 0, -3*f = 2*f - 5*r - 125. Calculate the remainder when p(-25) is divided by f.
20
Suppose -7*i = 56 - 217. What is the remainder when 128 is divided by i?
13
Suppose -26*l = -17*l - 270. What is the remainder when l is divided by 17?
13
Let y = -695 - -710. Calculate the remainder when (112/6)/((-3)/(-9)) is divided by y.
11
Let h = 496 + -199. What is the remainder when h is divided by 18?
9
Let u(i) = i**2 + 34*i + 46. Calculate the remainder when 321 is divided by u(0).
45
Let l(z) be the second derivative of -4*z**3/3 - 7*z**2 + 2*z. Let k be l(-6). Let c = 60 - k. Calculate the remainder when c is divided b